or of 81 and 1521?
9
Calculate the highest common factor of 175 and 70.
35
What is the greatest common divisor of 18758 and 166?
166
Calculate the greatest common divisor of 476 and 84.
28
What is the highest common factor of 2266 and 618?
206
Calculate the highest common divisor of 60 and 78.
6
What is the greatest common factor of 2412 and 252?
36
Calculate the greatest common divisor of 15400 and 110.
110
Calculate the greatest common divisor of 1557 and 9.
9
What is the greatest common factor of 72 and 888?
24
Calculate the highest common factor of 57 and 437.
19
Calculate the highest common divisor of 20368 and 134.
134
Calculate the highest common divisor of 833 and 49.
49
What is the greatest common factor of 135 and 4215?
15
What is the greatest common divisor of 221 and 26?
13
What is the greatest common factor of 4 and 20?
4
What is the highest common divisor of 63 and 1897?
7
What is the greatest common divisor of 154 and 33341?
77
Calculate the greatest common divisor of 720 and 20.
20
Calculate the highest common factor of 1161 and 9.
9
Calculate the highest common divisor of 126 and 414.
18
Calculate the highest common divisor of 44 and 22902.
22
Calculate the greatest common divisor of 15 and 195.
15
Calculate the highest common divisor of 162 and 594.
54
Calculate the greatest common divisor of 48 and 80.
16
Calculate the highest common factor of 24 and 232.
8
Calculate the highest common divisor of 470 and 20.
10
Calculate the highest common factor of 1920 and 1005.
15
Calculate the highest common divisor of 156 and 1656.
12
What is the highest common factor of 44 and 844?
4
Calculate the highest common divisor of 414 and 18.
18
Calculate the highest common factor of 969 and 399.
57
What is the greatest common divisor of 70 and 1010?
10
What is the highest common divisor of 2511 and 36?
9
Calculate the greatest common divisor of 187 and 11.
11
What is the greatest common factor of 276 and 24?
12
Calculate the greatest common factor of 1008 and 1584.
144
What is the greatest common factor of 6255 and 30?
15
What is the greatest common factor of 4428 and 216?
108
Calculate the highest common factor of 13 and 13.
13
What is the greatest common factor of 126 and 84?
42
Calculate the highest common divisor of 40 and 40.
40
Calculate the highest common divisor of 2415 and 105.
105
What is the highest common divisor of 9 and 157?
1
What is the greatest common factor of 16601 and 13?
13
What is the highest common factor of 7093 and 369?
41
Calculate the greatest common divisor of 4389 and 198.
33
Calculate the highest common factor of 20 and 30.
10
Calculate the greatest common divisor of 4 and 94.
2
What is the greatest common divisor of 342 and 36?
18
What is the greatest common factor of 119 and 34?
17
What is the highest common divisor of 144 and 16?
16
What is the greatest common factor of 1457 and 341?
31
Calculate the highest common factor of 3360 and 60.
60
What is the greatest common factor of 73 and 73?
73
What is the greatest common divisor of 12 and 9?
3
Calculate the greatest common factor of 180 and 420.
60
What is the greatest common factor of 28 and 448?
28
Calculate the highest common divisor of 39 and 2041.
13
What is the highest common factor of 938 and 536?
134
What is the highest common divisor of 188 and 47?
47
What is the highest common factor of 11 and 1199?
11
What is the highest common divisor of 76 and 1026?
38
Calculate the highest common divisor of 354 and 270.
6
What is the highest common factor of 18 and 45?
9
What is the highest common divisor of 27 and 30?
3
Calculate the highest common divisor of 1479 and 153.
51
What is the highest common divisor of 2656 and 96?
32
What is the greatest common factor of 30 and 1980?
30
Calculate the highest common factor of 58 and 609.
29
Calculate the greatest common divisor of 1697 and 1.
1
Calculate the highest common divisor of 350 and 2525.
25
What is the highest common factor of 51 and 3077?
17
Calculate the greatest common factor of 42 and 18.
6
What is the highest common factor of 6741 and 189?
63
Calculate the greatest common factor of 518 and 13209.
259
What is the highest common factor of 44 and 176?
44
What is the highest common divisor of 1659 and 21?
21
What is the greatest common factor of 1169 and 7?
7
Calculate the highest common factor of 93 and 744.
93
Calculate the highest common divisor of 52 and 1781.
13
Calculate the highest common divisor of 18 and 198.
18
What is the greatest common factor of 322 and 27531?
161
What is the highest common factor of 13810 and 10?
10
What is the greatest common factor of 792 and 168?
24
Calculate the highest common divisor of 12099 and 37.
37
Calculate the highest common factor of 118 and 5723.
59
What is the greatest common divisor of 8 and 292?
4
What is the greatest common factor of 288 and 2232?
72
Calculate the greatest common divisor of 9009 and 182.
91
Calculate the highest common factor of 385 and 280.
35
Calculate the greatest common factor of 6 and 4.
2
Calculate the highest common factor of 56 and 502.
2
Calculate the greatest common factor of 288 and 32.
32
Calculate the highest common factor of 385 and 44.
11
Calculate the greatest common divisor of 147 and 210.
21
What is the highest common divisor of 44 and 24046?
22
What is the greatest common factor of 80 and 55?
5
What is the highest common factor of 372 and 12?
12
What is the greatest common factor of 17 and 952?
17
What is the greatest common factor of 66 and 22?
22
Calculate the greatest common factor of 45 and 423.
9
Calculate the highest common factor of 89581 and 29.
29
What is the highest common divisor of 4941 and 61?
61
What is the highest common divisor of 46 and 6?
2
What is the highest common factor of 11 and 73?
1
Calculate the greatest common divisor of 10 and 440.
10
What is the greatest common factor of 160 and 370?
10
Calculate the greatest common divisor of 104 and 52.
52
Calculate the greatest common divisor of 18 and 48.
6
What is the highest common divisor of 6 and 74?
2
What is the highest common divisor of 943 and 23?
23
What is the highest common divisor of 18 and 3393?
9
Calculate the highest common factor of 343 and 959.
7
What is the highest common divisor of 14 and 273?
7
Calculate the highest common divisor of 7050 and 75.
75
Calculate the greatest common divisor of 36 and 279.
9
What is the highest common factor of 459 and 51?
51
What is the highest common divisor of 2100 and 385?
35
Calculate the greatest common divisor of 312 and 72.
24
Calculate the highest common factor of 63 and 28.
7
What is the greatest common divisor of 228 and 38?
38
Calculate the highest common factor of 24 and 248.
8
Calculate the highest common factor of 215 and 43.
43
What is the highest common divisor of 340 and 204?
68
Calculate the highest common divisor of 496 and 62.
62
Calculate the greatest common factor of 238 and 153.
17
Calculate the highest common factor of 2256 and 192.
48
Calculate the greatest common divisor of 14 and 2198.
14
What is the greatest common divisor of 208 and 16?
16
Calculate the greatest common factor of 47 and 517.
47
What is the greatest common factor of 24 and 756?
12
Calculate the greatest common factor of 496 and 200.
8
What is the highest common divisor of 16 and 40?
8
What is the highest common factor of 777 and 9546?
111
Calculate the highest common divisor of 15 and 54.
3
Calculate the greatest common divisor of 14650 and 293.
293
What is the highest common factor of 40 and 1220?
20
Calculate the highest common factor of 104 and 44668.
52
Calculate the greatest common factor of 8 and 1194.
2
Calculate the greatest common factor of 41 and 533.
41
What is the highest common factor of 1826 and 22?
22
Calculate the highest common factor of 2144 and 352.
32
What is the greatest common divisor of 20 and 320?
20
Calculate the highest common factor of 1403 and 122.
61
Calculate the highest common factor of 747 and 18.
9
What is the greatest common divisor of 1910 and 10?
10
Calculate the greatest common factor of 2077 and 155.
31
Calculate the highest common divisor of 48 and 1224.
24
What is the greatest common divisor of 1798 and 29?
29
What is the highest common divisor of 612 and 18?
18
What is the